{"id":1067,"date":"2018-12-03T20:25:37","date_gmt":"2018-12-03T23:25:37","guid":{"rendered":"https:\/\/isfd169-bue.infd.edu.ar\/sitio\/?page_id=1067"},"modified":"2026-05-06T19:17:16","modified_gmt":"2026-05-06T22:17:16","slug":"material-para-cobertura-de-catedra","status":"publish","type":"page","link":"https:\/\/isfd169-bue.infd.edu.ar\/sitio\/material-para-cobertura-de-catedra\/","title":{"rendered":"Materias para cobertura 2026"},"content":{"rendered":"<h1 style=\"text-align: center;\">Instituto Superior de Formaci\u00f3n Docente N\u00b0169<\/h1>\n<p><img decoding=\"async\" loading=\"lazy\" class=\"wp-image-998 aligncenter\" src=\"https:\/\/isfd169-bue.infd.edu.ar\/sitio\/wp-content\/uploads\/2018\/10\/logo-ua169.png\" alt=\"\" width=\"163\" height=\"163\" srcset=\"https:\/\/isfd169-bue.infd.edu.ar\/sitio\/wp-content\/uploads\/2018\/10\/logo-ua169.png 709w, https:\/\/isfd169-bue.infd.edu.ar\/sitio\/wp-content\/uploads\/2018\/10\/logo-ua169-500x500.png 500w\" sizes=\"(max-width: 163px) 100vw, 163px\" \/><\/p>\n<p><strong>Direcci\u00f3n:<\/strong> Av. Buenos Aires 684<\/p>\n<p><strong>Tel<\/strong> (02267) 424689<\/p>\n<p><strong>Correo:<\/strong> isfd169madariaga@abc.gob.ar<\/p>\n<h3 style=\"text-align: center;\"><\/h3>\n<table style=\"height: 184px;\" width=\"961\">\n<tbody>\n<tr>\n<td width=\"288\"><a href=\"https:\/\/forms.gle\/tUbbEC2KE3BFLBwo6\">Formulario de Inscripci\u00f3n par subir Antecedentes<\/a><\/td>\n<td width=\"313\"><a href=\"https:\/\/docs.google.com\/document\/d\/1pTvVLTjh2io1kKJPpZw67kf1Gegtky8o\/edit?usp=sharing&amp;ouid=105477611448199445969&amp;rtpof=true&amp;sd=true\">Descargar Cronograma\u00a0 llamado Madariaga 2026<\/a><\/td>\n<\/tr>\n<tr>\n<td width=\"288\"><\/td>\n<td width=\"313\"><\/td>\n<\/tr>\n<tr>\n<td width=\"288\"><\/td>\n<td width=\"313\"><\/td>\n<\/tr>\n<tr>\n<td width=\"288\"><\/td>\n<td width=\"313\"><\/td>\n<\/tr>\n<tr>\n<td width=\"288\"><\/td>\n<td width=\"313\"><\/td>\n<\/tr>\n<\/tbody>\n<\/table>\n<h6><\/h6>\n<p style=\"text-align: left;\">Por medio de la presente, la Direcci\u00f3n Provincial de Educaci\u00f3n Superior, la Direcci\u00f3n de Formaci\u00f3n Docente Inicial, la Direcci\u00f3n Provincial de Educaci\u00f3n T\u00e9cnico Profesional, la Direcci\u00f3n de Educaci\u00f3n Superior de Formaci\u00f3n T\u00e9cnica, la Direcci\u00f3n de Educaci\u00f3n<br \/>\nArt\u00edstica, la Direcci\u00f3n de Tribunales de Clasificaci\u00f3n y la Direcci\u00f3n de Gesti\u00f3n de Asuntos Docentes, comunica la aprobaci\u00f3n y difusi\u00f3n de la Resoluci\u00f3n N\u00b0 RESOC-2025-6179-GDEBA-DGCYE, que contiene las \u201cPautas para la implementaci\u00f3n de las pruebas de selecci\u00f3n por evaluaci\u00f3n de t\u00edtulos, antecedentes y oposici\u00f3n para la cobertura de cargos del Nivel Superior\u201d, entre otros.<\/p>\n<p><strong>Se comunica que esta normativa ser\u00e1 de aplicaci\u00f3n efectiva para la totalidad de las pruebas de selecci\u00f3n que se convoquen a partir del 1\u00b0 de enero de 2026<\/strong>. Sin perjuicio de lo dispuesto, se establece que los listados que fueran oportunamente conformados en el marco de la Resoluci\u00f3n N\u00b0 5886\/03, mantendr\u00e1n su vigencia hasta la culminaci\u00f3n de los plazos que la citada norma determinaba<\/p>\n<h4><a href=\"https:\/\/drive.google.com\/file\/d\/1ejX0ZjA5gEP9Ym2QtLAkVTbleI2QlkMh\/view?usp=sharing\">Resoluci\u00f3n\u00a02025-6179\u00a0<\/a><\/h4>\n<p><a href=\"https:\/\/docs.google.com\/document\/d\/1C-gtudFw92j4PPiIBqodU4YbjkMGv71l\/edit?usp=sharing&amp;ouid=105477611448199445969&amp;rtpof=true&amp;sd=true\">Anexo 2\u00a0<b>Grilla de evaluaci\u00f3n de antecedentes espec\u00edficos del Nivel Superior\u00a0<\/b><b>-No valorados por art\u00edculo 60<\/b><\/a><\/p>\n<p><a href=\"https:\/\/docs.google.com\/document\/d\/1z5abi_fA1vo0Gdryjd8_bVUATNmVs3ID\/edit?usp=sharing&amp;ouid=105477611448199445969&amp;rtpof=true&amp;sd=true\"><b>Anexo 3 &#8211; 1.2.1 Instrumento de evaluaci\u00f3n Propuesta Pedag\u00f3gica UC Formaci\u00f3n Docente Inicial<\/b><\/a><\/p>\n<p><a href=\"https:\/\/docs.google.com\/document\/d\/17Fn7VO7ZOp-fwmZa9XHQQ0XE6Ndf0AxN\/edit?usp=sharing&amp;ouid=105477611448199445969&amp;rtpof=true&amp;sd=true\">Anexo 3 &#8211; 1.2.2 Instrumento de evaluaci\u00f3n Propuesta Pedag\u00f3gica UC carreras t\u00e9cnicas Superiores<\/a><\/p>\n<p><a href=\"https:\/\/docs.google.com\/document\/d\/1vLr0ahkqmFEpGIOo3Pve2YN2aUVYLim-\/edit?usp=sharing&amp;ouid=105477611448199445969&amp;rtpof=true&amp;sd=true\">Anexo 3 &#8211; 1.2.3 Instrumento de evaluaci\u00f3n de Propuesta Pedag\u00f3gica UC carreras Docentes Art\u00edstica<\/a><\/p>\n<p><a href=\"https:\/\/docs.google.com\/document\/d\/1x9Mr7vM-b80Wgemre2q1pIpkS9e_Nbq7\/edit?usp=sharing&amp;ouid=105477611448199445969&amp;rtpof=true&amp;sd=true\">Anexo 3 &#8211; 1.2.4 Instrumento de evaluaci\u00f3n de la Propuesta Pedag\u00f3gica para UC de Tecnicaturas en Educaci\u00f3n Art\u00edstica<\/a><\/p>\n<p><a href=\"https:\/\/docs.google.com\/document\/d\/1_S8vFTiuvvWxKFYgL2YQw7s37IHYq63O\/edit?usp=sharing&amp;ouid=105477611448199445969&amp;rtpof=true&amp;sd=true\">Anexo 3 &#8211; 2.1 Instrumento de evaluaci\u00f3n Clase P\u00fablica<\/a><\/p>\n<p><a href=\"https:\/\/docs.google.com\/document\/d\/1rUJshDYsWqJtwndWkgO7aCYbaeL0HK4U\/edit?usp=sharing&amp;ouid=105477611448199445969&amp;rtpof=true&amp;sd=true\">Anexo 3 &#8211; 3.1 Instrumento de evaluaci\u00f3n de la Entrevista de la Unidad Curricular<\/a><\/p>\n<p><a href=\"https:\/\/docs.google.com\/document\/d\/1s5xfPb2PRSWLl7cGkwr-VGCFr_KYNjv_\/edit?usp=sharing&amp;ouid=105477611448199445969&amp;rtpof=true&amp;sd=true\">Anexo 4 &#8211; 3.1 Instrumento para la evaluaci\u00f3n de la Propuesta Pedag\u00f3gica de Bibliotecarias<\/a><\/p>\n<p><a href=\"https:\/\/docs.google.com\/document\/d\/1dJrEsye55Slna05ioP6mwtywiYhxgYPQ\/edit?usp=sharing&amp;ouid=105477611448199445969&amp;rtpof=true&amp;sd=true\">Anexo 4- 3.2 Instrumento para la evaluaci\u00f3n de la Entrevista de Bibliotecarias y Bibliotecarios<\/a><\/p>\n<p><a href=\"https:\/\/docs.google.com\/document\/d\/1H5-3YW0FoDW6K0ebP_lB8xcL67MN4dHa\/edit?usp=sharing&amp;ouid=105477611448199445969&amp;rtpof=true&amp;sd=true\">Anexo 8 &#8211; 3.1 Instrumento para la evaluaci\u00f3n de la Propuesta Pedag\u00f3gica para Preceptor_a<\/a><\/p>\n<h3 style=\"text-align: center;\"><a href=\"https:\/\/drive.google.com\/drive\/folders\/16cXVftySdr4PW9oWR2aJLeGeYSGc77OM?usp=sharing\">R\u00e9gimen Acad\u00e9mico Marco 2025<\/a><\/h3>\n<p><a href=\"https:\/\/drive.google.com\/file\/d\/141aGyyktnGcm6SKWdPE6wODznFnMbZ2g\/view?usp=sharing\">Dise\u00f1o Curricular Profesorado en Qu\u00edmica<\/a><\/p>\n<p><a href=\"https:\/\/drive.google.com\/file\/d\/17BgCgPnYGkTVa1LDrJjZusmxa0nubD3V\/view?usp=sharing\">Dise\u00f1o Curricular Prof. Ciencia Pol\u00edtica<\/a><\/p>\n<p><a href=\"https:\/\/drive.google.com\/file\/d\/1pXLfQY2NPMeWi2_QflaJrDS7O0UOlBxi\/view?usp=sharing\">Dise\u00f1o Curricular Prof. Historia ( Nuevo)<\/a><\/p>\n<p><a href=\"https:\/\/drive.google.com\/file\/d\/1UxZTZdynk71PppQPt8Y26CiWmv9lnv5S\/view?usp=sharing\">Dise\u00f1o Curricular Prof. Especial<\/a><\/p>\n<p><a href=\"https:\/\/drive.google.com\/file\/d\/1l3lDYDNGIDgNDxktaQRSmZyaIPP6CzGC\/view?usp=sharing\">Dise\u00f1o Curricular Prof. Educaci\u00f3n F\u00edsica \u00a0<\/a><\/p>\n<p><a href=\"https:\/\/docs.google.com\/document\/d\/1Z5tn-JHXgGqYoVKVWQUWWk7aReQJR-jW\/edit?usp=sharing&amp;ouid=109906994793874814374&amp;rtpof=true&amp;sd=true\">TFO Gesti\u00f3n de Riesgo y Protocolo en intervenci\u00f3n de accidentes Anexo 3691<\/a><\/p>\n<p><a href=\"https:\/\/docs.google.com\/document\/d\/1IIzv7_8og3vD9zLKiEY3uawFN_KcjTYW\/edit?usp=sharing&amp;ouid=109906994793874814374&amp;rtpof=true&amp;sd=true\">Contenidos M\u00ednimos de Did\u00e1cticas de las Pr\u00e1cticas Deportivas ( Basquet) Anexo3691<\/a><\/p>\n<p><a href=\"https:\/\/docs.google.com\/document\/d\/1HcWRceEO8MhoxmFC4tMPw-BZWNbADxz0\/edit?usp=sharing&amp;ouid=109906994793874814374&amp;rtpof=true&amp;sd=true\">Contenidos M\u00ednimos de Did\u00e1cticas de las Pr\u00e1cticas Deportivas ( Voley) Anexo 3691<\/a><\/p>\n<p><a href=\"https:\/\/drive.google.com\/file\/d\/1CSA5B4UjRYoLRdsU-O8bZgGX_idfd7rr\/view?usp=sharing\">Dise\u00f1o Curricular de Educaci\u00f3n Primaria Anexo 3691<\/a><\/p>\n<p><a href=\"https:\/\/docs.google.com\/document\/d\/1snpnsQ0OY9O5wfWuQjDL9HZDVqvdNkb8\/edit?usp=sharing&amp;ouid=109906994793874814374&amp;rtpof=true&amp;sd=true\">TFO Prof. Educaci\u00f3n Primaria: Teatro ( Contenidos M\u00ednimos)<\/a><\/p>\n<p><a href=\"https:\/\/docs.google.com\/document\/d\/1d6EXRTVb0GD_EtAiAajomEHSslemXKxy\/edit?usp=sharing&amp;ouid=109906994793874814374&amp;rtpof=true&amp;sd=true\">TFO Inicial Jard\u00edn Maternal<\/a><\/p>\n<p><a href=\"https:\/\/drive.google.com\/file\/d\/1gnj3msnOR0CehdwMusOGqcbE32eN_zA2\/view?usp=sharing\">Dise\u00f1o Curricular Profesorado en Ciencia Pol\u00edtica<\/a><\/p>\n<p><a href=\"https:\/\/drive.google.com\/file\/d\/1V4zGAcxVGAerVdZ-nftkmcWrbR3X2Uip\/view?usp=sharing\">Dise\u00f1o Curricular Profesorado en Historia ( NUEVO )<\/a><\/p>\n<p><a href=\"https:\/\/drive.google.com\/file\/d\/1VxXRw3xqhbOyvm3lTNXwtDhM5pxDcCFQ\/view?usp=sharing\">Dise\u00f1o Curricular Profesorado en Geograf\u00eda<\/a><\/p>\n<p><a href=\"https:\/\/drive.google.com\/file\/d\/1ECbFyq_JI9vRXzxYkXoL8IIQF0A-g63U\/view?usp=sharing\">Dise\u00f1o Curricular Matem\u00e1tica (Plan Nuevo)<\/a><\/p>\n<p><a href=\"https:\/\/drive.google.com\/file\/d\/1aEFpNdaBy_JXa41VqJabj4GNUw4M4Yxf\/view?usp=sharing\">Dise\u00f1o Curricular Prof. Educaci\u00f3n Inicial<\/a><\/p>\n<p><a href=\"https:\/\/drive.google.com\/file\/d\/1EwXLLXgYF-DnnYwVkiZnLtRdCyARku57\/view?usp=sharing\">Dise\u00f1o Curricular Biolog\u00eda NUEVO<\/a><\/p>\n<p><a href=\"https:\/\/drive.google.com\/file\/d\/1uOOgnuqhRiXDOgD-_0cJsD03Ex_J-nNZ\/view?usp=share_link\">Dise\u00f1o Curricular Profesorado en Psicolog\u00eda<\/a><\/p>\n<p><a href=\"https:\/\/docs.google.com\/document\/d\/1MSaimMRjK86_M0Poms7s3NYeWwUf-mv9\/edit?usp=sharing&amp;ouid=105477611448199445969&amp;rtpof=true&amp;sd=true\">Contenido M\u00ednimos Softball\u00a0 &#8211; Contenido M\u00ednimos Handball<\/a><\/p>\n<p><a href=\"https:\/\/docs.google.com\/document\/d\/1w1RW2pFUkkTnyAHVyN2Y5JfPT_Sp5S1G\/edit?usp=sharing&amp;ouid=109906994793874814374&amp;rtpof=true&amp;sd=true\">Contenidos M\u00ednimos ESI ( para el Prof. Geograf\u00eda)<\/a><\/p>\n<p><a href=\"https:\/\/docs.google.com\/document\/d\/1KmzkXN_01NpddEqB1f_VLwmZFNqrn2o5\/edit?usp=sharing&amp;ouid=109906994793874814374&amp;rtpof=true&amp;sd=true\">Contenidos M\u00ednimos TFO Expresi\u00f3n Corporal\u00a0 para Educaci\u00f3n F\u00edsica<\/a><\/p>\n","protected":false},"excerpt":{"rendered":"<p>Instituto Superior de Formaci\u00f3n Docente N\u00b0169 Direcci\u00f3n: Av. Buenos Aires 684 Tel (02267) 424689 Correo: isfd169madariaga@abc.gob.ar Formulario de Inscripci\u00f3n par subir Antecedentes Descargar Cronograma\u00a0 llamado Madariaga 2026 Por medio de la presente, la Direcci\u00f3n Provincial de Educaci\u00f3n Superior, la Direcci\u00f3n de Formaci\u00f3n Docente Inicial, la Direcci\u00f3n Provincial de Educaci\u00f3n T\u00e9cnico Profesional, la Direcci\u00f3n de Educaci\u00f3n &#8230; <a title=\"Materias para cobertura 2026\" class=\"read-more\" href=\"https:\/\/isfd169-bue.infd.edu.ar\/sitio\/material-para-cobertura-de-catedra\/\" aria-label=\"More on Materias para cobertura 2026\">[+]<\/a><\/p>\n","protected":false},"author":341,"featured_media":0,"parent":0,"menu_order":0,"comment_status":"closed","ping_status":"closed","template":"","meta":[],"acf":[],"_links":{"self":[{"href":"https:\/\/isfd169-bue.infd.edu.ar\/sitio\/wp-json\/wp\/v2\/pages\/1067"}],"collection":[{"href":"https:\/\/isfd169-bue.infd.edu.ar\/sitio\/wp-json\/wp\/v2\/pages"}],"about":[{"href":"https:\/\/isfd169-bue.infd.edu.ar\/sitio\/wp-json\/wp\/v2\/types\/page"}],"author":[{"embeddable":true,"href":"https:\/\/isfd169-bue.infd.edu.ar\/sitio\/wp-json\/wp\/v2\/users\/341"}],"replies":[{"embeddable":true,"href":"https:\/\/isfd169-bue.infd.edu.ar\/sitio\/wp-json\/wp\/v2\/comments?post=1067"}],"version-history":[{"count":207,"href":"https:\/\/isfd169-bue.infd.edu.ar\/sitio\/wp-json\/wp\/v2\/pages\/1067\/revisions"}],"predecessor-version":[{"id":2390,"href":"https:\/\/isfd169-bue.infd.edu.ar\/sitio\/wp-json\/wp\/v2\/pages\/1067\/revisions\/2390"}],"wp:attachment":[{"href":"https:\/\/isfd169-bue.infd.edu.ar\/sitio\/wp-json\/wp\/v2\/media?parent=1067"}],"curies":[{"name":"wp","href":"https:\/\/api.w.org\/{rel}","templated":true}]}}